0111 (base 2) to base 14
-67d
What is -44bc (base 16) in base 2?
-100010010111100
Convert 53508 (base 10) to base 12.
26b70
-3931 (base 13) to base 10
-8152
1b6c (base 15) to base 4
1131000
Convert -1165 (base 14) to base 4.
-233111
What is -113 (base 14) in base 3?
-21220
Convert 6301 (base 7) to base 11.
1726
Convert 16aa8 (base 12) to base 7.
164153
35739 (base 10) to base 4
20232123
40133 (base 9) to base 10
26355
-3536 (base 14) to base 15
-2b25
What is 42052 (base 9) in base 8?
66145
Convert -112001 (base 4) to base 12.
-995
What is -140423 (base 5) in base 16?
-166a
Convert 4023 (base 6) to base 3.
1012120
Convert -3835 (base 9) to base 4.
-230303
Convert 5a (base 11) to base 12.
55
Convert -245 (base 12) to base 16.
-155
What is -12661 (base 7) in base 12?
-1b94
1222 (base 5) to base 8
273
26d3 (base 14) to base 8
15301
328 (base 10) to base 8
510
2187 (base 14) to base 5
141203
Convert 1316 (base 7) to base 16.
1f7
What is 1557 (base 12) in base 8?
4723
-33124 (base 8) to base 3
-201002010
-13a0 (base 13) to base 8
-5422
-1089 (base 15) to base 4
-312300
What is -42 (base 7) in base 5?
-110
Convert -493 (base 16) to base 4.
-102103
-173 (base 10) to base 15
-b8
-141b5 (base 15) to base 4
-33300020
110110101101 (base 2) to base 16
dad
What is 10881 (base 9) in base 7?
30142
-52325 (base 7) to base 5
-402412
3712 (base 15) to base 16
2dc5
Convert -a440 (base 16) to base 14.
-11476
What is -35144 (base 7) in base 15?
-29ee
What is 1531 (base 7) in base 15?
2aa
31a (base 13) to base 5
4110
What is -110000010010 (base 2) in base 9?
-4213
Convert 52a3 (base 13) to base 7.
45254
Convert 51763 (base 11) to base 13.
28460
What is -9a3 (base 16) in base 7?
-10123
What is 10100110 (base 2) in base 15?
b1
Convert 10001 (base 7) to base 13.
112a
Convert 102075 (base 9) to base 5.
3414300
367 (base 11) to base 14
232
Convert 25055 (base 6) to base 10.
3707
What is -10e0 (base 15) in base 4?
-320001
Convert -121023 (base 5) to base 7.
-16105
-bb (base 14) to base 12
-119
-420140 (base 5) to base 12
-7b97
-37521 (base 8) to base 13
-74bb
Convert 51225 (base 6) to base 9.
10268
-101010010 (base 2) to base 8
-522
60512 (base 7) to base 12
8598
What is 355 (base 10) in base 2?
101100011
2102202 (base 3) to base 13
a67
474 (base 10) to base 3
122120
-408 (base 10) to base 11
-341
Convert -1112 (base 3) to base 2.
-101001
What is -556f (base 16) in base 4?
-11111233
What is 10001000010011 (base 2) in base 15?
28b8
Convert -15914 (base 10) to base 4.
-3320222
Convert -40 (base 12) to base 9.
-53
-382 (base 9) to base 3
-102202
Convert 12042 (base 5) to base 12.
629
Convert a10e (base 15) to base 4.
20103011
-5163 (base 7) to base 4
-130101
-327 (base 13) to base 6
-2300
Convert 2383 (base 11) to base 4.
300230
What is -40523 (base 9) in base 5?
-1323140
-12010022 (base 3) to base 12
-21b2
What is -61 (base 12) in base 14?
-53
Convert 63a (base 12) to base 9.
1221
What is 2276 (base 8) in base 14?
62a
Convert -1842 (base 9) to base 7.
-4061
What is -3333 (base 8) in base 4?
-123123
Convert -10021100 (base 3) to base 15.
-a90
7174 (base 9) to base 11
3a44
Convert 102 (base 16) to base 15.
123
Convert 351 (base 11) to base 16.
1a3
-6ea (base 15) to base 7
-4402
Convert 38665 (base 9) to base 12.
130b8
-2b6 (base 15) to base 16
-26d
Convert 1668 (base 13) to base 4.
303201
What is 2022 (base 7) in base 2?
1010111110
What is -221012 (base 6) in base 2?
-100011111000000
-33122 (base 6) to base 16
-11ea
Convert 10301 (base 4) to base 8.
461
Convert -2252 (base 12) to base 2.
-111011011110
-132122 (base 4) to base 8
-3632
-1321111 (base 5) to base 3
-1100020000
What is -323112 (base 4) in base 2?
-111011010110
Convert 11200 (base 9) to base 4.
1310130
Convert -412 (base 8) to base 7.
-530
Convert -626 (base 9) to base 7.
-1326
2a78 (base 12) to base 15
1728
618a (base 14) to base 9
25016
Convert -722 (base 14) to base 13.
-83b
210202 (base 3) to base 10
587
Convert -2077 (base 13) to base 4.
-1012030
Convert 129 (base 12) to base 8.
261
-265211 (base 7) to base 12
-24a15
Convert 5e2 (base 15) to base 4.
110321
What is 210020 (base 4) in base 15?
a42
Convert 335 (base 7) to base 4.
2231
Convert -510216 (base 7) to base 10.
-86547
What is 2625 (base 8) in base 2?
10110010101
Convert -4211 (base 6) to base 11.
-788
What is 582 (base 15) in base 3?
1201012
Convert 43a4 (base 16) to base 14.
644c
Convert 2daf (base 16) to base 3.
121001011
-72ea (base 15) to base 2
-101111011100111
-101116 (base 7) to base 12
-9b64
10231 (base 4) to base 13
1a2
What is -4597 (base 13) in base 11?
-7370
10010101000000 (base 2) to base 4
2111000
Convert 2716 (base 8) to base 6.
10514
Convert 32303 (base 4) to base 10.
947
20321 (base 4) to base 2
1000111001
What is 60b3 (base 12) in base 14?
3b83
1410243 (base 6) to base 15
186c0
What is 38a2 (base 15) in base 4?
2330231
Convert -48761 (base 9) to base 12.
-16b0a
Convert -11200 (base 4) to base 10.
-352
Convert 2357 (base 10) to base 7.
6605
What is 33326 (base 7) in base 11?
6346
What is 3321 (base 8) in base 14?
8c9
Convert -22023 (base 4) to base 9.
-803
Convert 1448 (base 9) to base 7.
3125
What is -35315 (base 6) in base 3?
-20222102
-2a9a (base 13) to base 5
-144321
What is -3f1 (base 16) in base 13?
-5c8
-71a1 (base 16) to base 13
-10318
10113 (base 4) to base 12
1b3
What is 210020 (base 3) in base 15?
283
What is 8ca0 (base 13) in base 10?
19734
What is 6296 (base 11) in base 10?
8333
10100000111 (base 2) to base 3
1202200
What is 12266 (base 7) in base 4?
302201
Convert -10300 (base 6) to base 4.
-111330
-344 (base 15) to base 13
-44b
What is -147 (base 16) in base 9?
-403
Convert -1191 (base 11) to base 8.
-3020
What is 1287 (base 15) in base 12?
2354
10000010111 (base 2) to base 16
417
101101110101 (base 2) to base 15
d08
What is 1945 (base 11) in base 12?
1519
What is -31440 (base 6) in base 15?
-13ec
7296 (base 13) to base 10
15840
Convert -10101010010000010 (base 2) to base 12.
-42542
30894 (base 10) to base 5
1442034
What is -513 (base 6) in base 5?
-1224
What is -32533 (base 6) in base 5?
-121041
What is 1087 (base 9) in base 5?
11213
-12020330 (base 4) to base 2
-110001000111100
Convert -11435 (base 13) to base 9.
-47155
Convert -545 (base 11) to base 3.
-220020
What is -4a0 (base 16) in base 5?
-14214
What is -9638 (base 13) in base 12?
-10082
What is -2531 (base 12) in base 7?
-15166
What is -110101000111 (base 2) in base 13?
-1716
What is -5079 (base 11) in base 13?
-30b7
What is -12945 (base 13) in base 9?
-52330
What is -3728 (base 10) in base 2?
-111010010000
What is 11101110100 (base 2) in base 14?
9a4
Convert 36706 (base 8) to base 7.
64051
What is 12033 (base 4) in base 2?
110001111
What is -246 (base 9) in base 3?
-21120
1201222 (base 3) to base 8
2364
-4a0 (base 16) to base 12
-828
Convert -6769 (base 15) to base 9.
-33060
What is -200 (base 3) in base 5?
-33
What is 6433 (base 15) in base 3?
1002002010
3024412 (base 5) to base 3
2110211220
-216 (base 9) to base 14
-c9
Convert -502 (base 7) to base 6.
-1051
-6867 (base 10) to base 15
-207c
-40534 (base 6) to base 12
-314a
Convert 1221 (base 9) to base 12.
63a
-3a78 (base 14) to base 4
-2200322
Convert 215311 (base 7) to base 5.
2203020
What is 52534 (base 6) in base 15?
2194
-5140 (base 9) to base 2
-111010110010
What is -2123 (base 5) in base 16?
-120
Convert 470 (base 13) to base 14.
3cb
What is -40024 (base 6) in base 2?
-1010001010000
What is -271 (base 9) in base 4?
-3202
Convert -233 (base 6) to base 16.
-5d
Convert 487 (base 11) to base 9.
713
1110021202 (base 3) to base 5
1404030
What is -21223 (base 11) in base 5?
-1442010
What is -31024 (base 8) in base 10?
-12820
-2b6 (base 12) to base 5
-3201
Convert -217a (base 15) to base 11.
-5366
What is ec1 (base 15) in base 3?
11120101
Convert 2c0 (base 16) to base 13.
422
Convert 25222 (base 6) to base 11.
2907
What is 232033 (base 5) in base 6?
102505
-1421 (base 11) to base 16
-72e
What is 1741 (base 14) in base 4?
1001031
56b5 (base 13) to base 14
45d9
Convert -515 (base 15) to base 14.
-5bb
What is 1171 (base 8) in base 4?
21321
What is 2324 (base 7) in base 10?
851
Convert -4a74 (base 15) to base 5.
-1001414
-100010100010 (base 2) to base 12
-1342
What is 36882 (base 11) in base 2?
1100111011100111